 + 1/(-3). List the prime factors of (i + 1)/(2/27).
3
Let q(c) = 96*c**3 - c + 1. Let z be q(1). Suppose 5*f - z = 114. List the prime factors of f.
2, 3, 7
What are the prime factors of 371 - (2 + -5 - 0)?
2, 11, 17
Suppose -20 = n + 11. Let b = n + 59. What are the prime factors of b?
2, 7
Let n(l) = -5 - 2*l + 2*l - l**2 + 5*l. Let a be n(4). Let h = 5 + a. What are the prime factors of h?
2
Suppose s + 6*v = v + 4, -2*v = 5*s - 20. Suppose -5*f = s*l - 231, -223 = -5*f - 0*f - 2*l. List the prime factors of f.
43
Let o(t) = -4. Let b(s) = s + 9. Let u(z) = -4*b(z) - 9*o(z). Let n be u(-1). Suppose -4*w = -5*w + n. What are the prime factors of w?
2
Suppose 0 = -2*w - 3*h - 9, 0 = 2*h + 11 - 1. Suppose y + w = -17. What are the prime factors of (-2)/(-5) + (-92)/y?
5
Let k = 11 + -9. Let c(d) = 5*d**2 - 1. List the prime factors of c(k).
19
Let b = -37 - -64. Let x = b - 5. What are the prime factors of x?
2, 11
Let l = 9 + -4. Let a = 9 - -2. Suppose -54 = -l*h + a. What are the prime factors of h?
13
Let c(a) = a + 7*a + 0*a - a - 3. What are the prime factors of c(2)?
11
Suppose 2*j = 4*r + 36, -j + 0*j - 5*r - 10 = 0. Let h(w) = -8 + 5*w**2 + 5*w**2 - w**3 - 5 + 2*w + 0. What are the prime factors of h(j)?
7
Suppose s = -5*z - 0*s + 149, -5*s = -4*z + 96. List the prime factors of z.
29
Suppose 0*a - 9 = 4*a - 5*d, 5*a + 2*d = 30. List the prime factors of 46*(0 + 2/a).
23
Suppose 1059 + 1051 = 10*w. List the prime factors of w.
211
Let n(b) = 6*b**3 - 4*b**2 + 3*b + 3. Let k be n(3). Suppose 3*p = 4*o - 184, 3*o = p - 3*p + k. Suppose 14 = -4*h + o. What are the prime factors of h?
2
Suppose -3*m = -0*m - 5*r - 71, -61 = -3*m - 5*r. Let u = 0 + m. List the prime factors of u.
2, 11
Let g(b) = 2*b**2 + 4*b + 3. Let x be g(-2). Suppose k + x = 5. What are the prime factors of k?
2
Let y(c) = -c**3 + 8*c**2 - 8*c + 10. Let v be y(7). Let u(z) = z + 2. Let h be u(2). Suppose 5*f - 30 = -v*t, -2*f = h*t - f - 23. List the prime factors of t.
5
Let f(d) = -2*d - 6. Let w be f(-4). Suppose 0 = -3*b + w + 4. Suppose 2 = -p + b*p. What are the prime factors of p?
2
Let b be (-6)/(-33) - 222/11. List the prime factors of b/6*(-6)/2.
2, 5
Let x(f) = f + 2. Let w be -2 - ((-1 - 1) + -3). List the prime factors of x(w).
5
Let c = 1227 - 711. What are the prime factors of 6/10 - c/(-15)?
5, 7
Let d = 5 + -5. Let z(f) = f**3 - f**2 + f + 3. List the prime factors of z(d).
3
Suppose g + 4*g - c - 37 = 0, 5*g - 5*c = 25. Suppose -x - x + g = 0. Suppose -m + 15 = -x. List the prime factors of m.
19
Let b = 19 - -23. What are the prime factors of b?
2, 3, 7
Suppose 4*l + k + k - 4 = 0, 2*k - 2 = -2*l. List the prime factors of l + 6*(-6)/(-9).
5
Let l be 2/(-7) - (-492)/(-42). Let u = -55 - l. Let b = u + 63. What are the prime factors of b?
2, 5
Let z(j) = j**2 + j - 2. Let r be z(2). Suppose 0 = r*c + c - 35. List the prime factors of c.
7
Let b be ((-9)/(-15))/(-1)*-10. Suppose -2*f - 3 = -f + i, 3*f - 4*i - 26 = 0. Let s = b + f. What are the prime factors of s?
2
Suppose -4*z = -5*i + 4, -5*i = 3*z + 2*z - 40. Suppose 3*r - i*o = r + 18, -3*r + 49 = 5*o. List the prime factors of r.
13
Let d(m) = m**2 - 2*m - 1. Let z be d(4). Let h(i) = -1 + 9*i - 7 - 3*i**2 + 2*i**2. List the prime factors of h(z).
2, 3
Suppose 118*r - 123*r = -515. What are the prime factors of r?
103
Let t(v) = v**2 - 2*v - 7. Let z be t(-5). List the prime factors of ((-5)/(-4))/(7/z).
5
Let z = 25 - -4. Let g = z + -17. What are the prime factors of g?
2, 3
What are the prime factors of (1 - (-6 + -2)) + 1?
2, 5
Suppose 0 = 3*c - 5 - 4. Suppose -11 - 7 = -c*z. List the prime factors of z.
2, 3
Suppose 3*h = s + s - 17, h - 1 = -s. Suppose s*m + 3*k + 42 = 0, 4*k = m - 0*m + 1. Let a(g) = -2*g - 13. What are the prime factors of a(m)?
5
Suppose -2*q - 2*q - 67 = -5*b, 0 = -2*q - b - 51. Let f = -65 - q. List the prime factors of 1/(-7) + (-804)/f.
19
Suppose 26 = 6*n - 5*n - 3*g, -n + g = -18. What are the prime factors of (-1014)/(-42) - 2/n?
2, 3
Let l = -7 - -17. What are the prime factors of l?
2, 5
Let t(z) be the second derivative of -z**6/120 + z**5/15 - z**4/8 + z**3/6 + z**2 - z. Let r(d) be the first derivative of t(d). List the prime factors of r(2).
3
Let d(v) = 6*v. Let t be d(5). Let s = t - 2. What are the prime factors of s?
2, 7
Let o(q) = -q**3 + 3*q**2 + 4*q - 5. Let i be o(4). Let y(k) = k**2 + 5*k. Let d be y(i). Suppose d = -6*g + g + 45. List the prime factors of g.
3
Let k = 36 - -60. What are the prime factors of k?
2, 3
Let f(d) = 2*d**2 - 11*d + 7. Let c be f(7). Suppose 2*k - t = 4*t + c, 3*k + 5*t = 42. Suppose 27 = 2*v - 3*z + 8, 4*v + 2*z = k. List the prime factors of v.
5
Suppose 3*q + 5*k - 53 = -0*k, -q = -3*k - 41. List the prime factors of q.
2, 13
Let r = 18 + -10. What are the prime factors of (-30)/r*(-40)/6?
5
Suppose -2*n - x = -159, -5*n + 306 = -x - 88. What are the prime factors of n?
79
Suppose 3*o = 2 + 4. Suppose 2*k - 96 = -o*k. List the prime factors of k.
2, 3
Let a be 4 + (-1 - 0/(-3)). Suppose 4*f - a = 5. What are the prime factors of -1 + f - (-1 + -1)?
3
Suppose 2*d + 4*q - 68 = -q, -d + 28 = q. Suppose -2*i = i - d. List the prime factors of i.
2
Suppose -t - 60 = -2*v, 0*t - t + 120 = 4*v. List the prime factors of v.
2, 3, 5
Let p be (-248)/10 - 1/5. Let b = p + 15. What are the prime factors of (1 + -2)/(2/b)?
5
Let h = 8 - 2. Let j = -4 + h. Suppose -j*g + 11 = -13. What are the prime factors of g?
2, 3
Suppose 0 = 5*r - 4*x - 0*x - 50, -3*r + 28 = -2*x. Suppose 0 = -3*z + r*z + 6. What are the prime factors of 0 + z + 2 + 8?
2
Suppose 0 = 3*l + 4*n - 8, 5*l + 4*n - 4 - 12 = 0. Let k(d) = -3*d + 5. Let z be k(l). List the prime factors of ((-12)/z)/((-2)/(-14)).
2, 3
Suppose -m + 3 = -1. Let d = m + -2. What are the prime factors of d?
2
Let a be (-12)/3*6/(-8). Let w be a/(9/15) - -2. What are the prime factors of w - (0 + 4/(-2))?
3
Let g(j) = 1 - 2*j + 0*j - j. What are the prime factors of g(-1)?
2
Let s(i) = 3*i**3 - 6*i**2 + 5*i - 1. Let j(n) = n**3 - 3*n**2 + 2*n. Let t(q) = -5*j(q) + 2*s(q). What are the prime factors of t(-2)?
2
What are the prime factors of ((-1573 + -2)/5)/(6/(-4))?
2, 3, 5, 7
Let g = 5 + -7. Let c = g - -4. Suppose -p + 23 = -4*b, -3*p - 6*b - 11 = -c*b. List the prime factors of p.
3
Suppose 22*n + 3276 = 35*n. List the prime factors of n.
2, 3, 7
Let k(i) = 5*i + 2. Let l be k(2). Suppose -4*x = -7*x + l. List the prime factors of x.
2
Suppose -995 = -4*m - 199. What are the prime factors of m?
199
Let w be 5/(5/3) - 0. Let y(c) = 2*c + c - 5*c + w*c + 14. What are the prime factors of y(0)?
2, 7
Let w = 30 + 0. Suppose c + 4*a - 1 = 0, 3*c - 5*a = 8*c - 65. Let z = w - c. What are the prime factors of z?
13
List the prime factors of 4/(-6) - -347*4/12.
5, 23
Let p be -1 + ((-9)/(-3))/3. Let n(x) = x**3 + 2*x**2 - 2*x - 2. Let g be n(-2). Suppose -k = -p*k - g. What are the prime factors of k?
2
Let m = -5 + 11. Suppose -m*w = -w - 55. List the prime factors of w.
11
Suppose 39 = 5*o - r, -4*o + 3*r - 23 = -9*o. Suppose -4*k + 0*j + o = j, -5*k + 9 = j. List the prime factors of k.
2
Suppose 28 + 232 = 5*j. Suppose c + c - 23 = w, -4*c - 4*w + j = 0. Let x = 22 - c. What are the prime factors of x?
2, 5
Suppose -2*t + 110 = 4*i, -2*i + 4*t + 17 = -13. What are the prime factors of i?
5
Let r = -13 - -13. Suppose -2*y + r = 6, y + 45 = 3*a. List the prime factors of a.
2, 7
Suppose 0 = -0*p - 3*p + 15. Let a = 11 - 7. Suppose a*x - 45 = -5*q, 5*x - 53 + 3 = -p*q. What are the prime factors of x?
5
Let q = -2 + 7. What are the prime factors of q?
5
Let v be ((-6)/(-4))/(3/6). Suppose 0*y = -v*y - 2*c + 71, 0 = -y + 2*c + 21. What are the prime factors of y?
23
Let q = -5 + 5. Let m be 15/1 - q/1. Suppose -4*f = -f - m. List the prime factors of f.
5
Let k = 21 - 11. Suppose 3*u + 4*z - 83 = 0, z + z - k = 0. List the prime factors of u.
3, 7
Suppose -2*z = -5 - 7. Let i = -12 + z. Let c = i + 15. List the prime factors of c.
3
Let p be (-2)/(4/(-2)) + 3. Suppose 50 = p*l + 3*b - 78, -3*l = -5*b - 125. Suppose -30 = -5*m + l. List the prime factors of m.
13
Suppose 5*o - 278 = 42. What are the prime factors of o?
2
Let q = 72 + 27. List the prime factors of q.
3, 11
Let u(z) = 3*z**2 